s digit of 2111?
2
What is the units digit of 17488?
8
What is the units digit of 696?
6
What is the tens digit of 900?
0
What is the hundreds digit of 6311?
3
What is the tens digit of 5108?
0
What is the units digit of 2659?
9
What is the ten thousands digit of 11952?
1
What is the tens digit of 1164?
6
What is the hundreds digit of 147770?
7
What is the units digit of 43224?
4
What is the tens digit of 918?
1
What is the units digit of 4279?
9
What is the hundreds digit of 16219?
2
What is the thousands digit of 7687?
7
What is the hundreds digit of 10469?
4
What is the units digit of 10433?
3
What is the tens digit of 14032?
3
What is the thousands digit of 18411?
8
What is the units digit of 31688?
8
What is the ten thousands digit of 10561?
1
What is the thousands digit of 1186?
1
What is the tens digit of 3348?
4
What is the hundreds digit of 1466?
4
What is the ten thousands digit of 12753?
1
What is the thousands digit of 1391?
1
What is the tens digit of 821?
2
What is the units digit of 411?
1
What is the hundreds digit of 324?
3
What is the hundreds digit of 1702?
7
What is the units digit of 7?
7
What is the tens digit of 689?
8
What is the tens digit of 11883?
8
What is the tens digit of 28575?
7
What is the units digit of 16017?
7
What is the hundreds digit of 8199?
1
What is the units digit of 108742?
2
What is the hundreds digit of 370?
3
What is the tens digit of 124757?
5
What is the units digit of 366?
6
What is the tens digit of 412?
1
What is the tens digit of 468?
6
What is the thousands digit of 2073?
2
What is the thousands digit of 8107?
8
What is the thousands digit of 5867?
5
What is the units digit of 71579?
9
What is the hundreds digit of 1242?
2
What is the thousands digit of 42557?
2
What is the hundreds digit of 15383?
3
What is the units digit of 8649?
9
What is the tens digit of 299?
9
What is the units digit of 98958?
8
What is the hundreds digit of 20780?
7
What is the tens digit of 753?
5
What is the tens digit of 14119?
1
What is the units digit of 83?
3
What is the thousands digit of 52560?
2
What is the tens digit of 1692?
9
What is the tens digit of 36889?
8
What is the units digit of 1265?
5
What is the hundreds digit of 3791?
7
What is the hundreds digit of 32857?
8
What is the units digit of 65182?
2
What is the units digit of 28314?
4
What is the units digit of 542?
2
What is the hundreds digit of 3009?
0
What is the units digit of 806?
6
What is the thousands digit of 6460?
6
What is the ten thousands digit of 177315?
7
What is the hundreds digit of 8342?
3
What is the hundreds digit of 1568?
5
What is the tens digit of 386?
8
What is the units digit of 4603?
3
What is the thousands digit of 1951?
1
What is the tens digit of 19954?
5
What is the thousands digit of 8171?
8
What is the thousands digit of 3138?
3
What is the units digit of 10391?
1
What is the hundreds digit of 4336?
3
What is the tens digit of 6177?
7
What is the thousands digit of 2390?
2
What is the units digit of 10502?
2
What is the hundreds digit of 13821?
8
What is the ten thousands digit of 74159?
7
What is the thousands digit of 117630?
7
What is the hundreds digit of 12239?
2
What is the units digit of 46038?
8
What is the hundreds digit of 46126?
1
What is the hundreds digit of 45024?
0
What is the ten thousands digit of 38237?
3
What is the units digit of 3640?
0
What is the thousands digit of 2119?
2
What is the hundreds digit of 6640?
6
What is the thousands digit of 8437?
8
What is the units digit of 4143?
3
What is the tens digit of 1165?
6
What is the hundreds digit of 114641?
6
What is the tens digit of 10937?
3
What is the units digit of 2042?
2
What is the units digit of 466?
6
What is the tens digit of 1077?
7
What is the hundreds digit of 25177?
1
What is the hundreds digit of 2308?
3
What is the tens digit of 25780?
8
What is the thousands digit of 2271?
2
What is the units digit of 25752?
2
What is the tens digit of 89579?
7
What is the hundreds digit of 3882?
8
What is the thousands digit of 93911?
3
What is the hundreds digit of 5931?
9
What is the hundreds digit of 625?
6
What is the tens digit of 1996?
9
What is the hundreds digit of 91074?
0
What is the thousands digit of 6736?
6
What is the hundreds digit of 31501?
5
What is the units digit of 3058?
8
What is the tens digit of 46399?
9
What is the ten thousands digit of 44892?
4
What is the units digit of 4569?
9
What is the thousands digit of 55392?
5
What is the tens digit of 388?
8
What is the tens digit of 1794?
9
What is the units digit of 7?
7
What is the tens digit of 137889?
8
What is the units digit of 63330?
0
What is the units digit of 14408?
8
What is the thousands digit of 1502?
1
What is the units digit of 3539?
9
What is the hundreds digit of 15796?
7
What is the hundreds digit of 6575?
5
What is the thousands digit of 3233?
3
What is the units digit of 8289?
9
What is the units digit of 262?
2
What is the tens digit of 914?
1
What is the tens digit of 8005?
0
What is the thousands digit of 39601?
9
What is the hundred thousands digit of 131162?
1
What is the tens digit of 8062?
6
What is the thousands digit of 27939?
7
What is the thousands digit of 2509?
2
What is the tens digit of 153?
5
What is the hundreds digit of 3059?
0
What is the hundred thousands digit of 139590?
1
What is the units digit of 283?
3
What is the tens digit of 11859?
5
What is the hundreds digit of 20464?
4
What is the ten thousands digit of 20553?
2
What is the tens digit of 194167?
6
What is the units digit of 26323?
3
What is the units digit of 32681?
1
What is the tens digit of 16492?
9
What is the tens digit of 228?
2
What is the hundreds digit of 196?
1
What is the thousands digit of 13856?
3
What is the hundreds digit of 1832?
8
What is the thousands digit of 2386?
2
What is the hundreds digit of 4893?
8
What is the tens digit of 3485?
8
What is the thousands digit of 4709?
4
What is the hundreds digit of 917?
9
What is the tens digit of 13024?
2
What is the units digit of 5466?
6
What is the hundreds digit of 158?
1
What is the units digit of 166?
6
What is the hundreds digit of 2192?
1
What is the thousands digit of 1536?
1
What is the tens digit of 114362?
6
What is the ten thousands digit of 41282?
4
What is the thousands digit of 12299?
2
What is the tens digit of 31218?
1
What is the tens digit of 40538?
3
What is the tens digit of 999?
9
What is the thousands digit of 8803?
8
What is the hundreds digit of 8593?
5
What is the hundreds digit of 2439?
4
What is the units digit of 1987?
7
What is the hundreds digit of 1293?
2
What is the tens digit of 18343?
4
What is the units digit of 3855?
5
What is the units digit of 9138?
8
What is the hundreds digit of 17784?
7
What is the hundreds digit of 208?
2
What is the units digit of 248?
8
What is the tens digit of 358?
5
What is the units digit of 5554?
4
What is the hundreds digit of 6532?
5
What is the thousands digit of 68205?
8
What is the hundreds digit of 16373?
3
What is the tens digit of 184?
8
What is the thousands digit of 2298?
2
What is the thousands digit of 1693?
1
What is the tens digit of 36334?
3
What is the tens digit of 69014?
1
What is the hundreds digit of 952?
9
What is the tens digit of 167?
6
What is the thousands digit of 10050?
0
What is the hundreds digit of 546?
5
What is the thousands digit of 4568?
4
What is the tens digit of 2864?
6
What is the thousands digit of 6999?
6
What is the tens digit of 8229?
2
What is the thousands digit of 1063?
1
What is the tens digit of 45?
4
What is the thousands digit of 60088?
0
What is the tens digit of 475?
7
What is the tens digit of 896?
9
What is the units digit of 190099?
9
What is the thousands digit of 1350?
1
What is the units digit of 1119?
9
What is the hundreds digit of 833?
8
What is the hundreds digit of 158?
1
What is the thousands digit of 19413?
9
What is the thousands digit of 17393?
7
What is the hundreds digit of 3572?
5
What is the tens digit of 10294?
9
What is the hundreds digit of 10059?
0
What is the tens digit of 923?
2
What is the hundreds digit of 637?
6
What is the units digit of 12979?
9
What is the hundreds digit of 15525?
5
What is the tens digit of 2268?
6
What is the tens digit of 647?
4
What is the hund